{"id":11,"date":"2020-02-14T09:00:34","date_gmt":"2020-02-14T08:00:34","guid":{"rendered":"http:\/\/azqs.com\/velorution-strasbourg\/?page_id=11"},"modified":"2020-05-28T17:23:53","modified_gmt":"2020-05-28T15:23:53","slug":"nos-amis","status":"publish","type":"page","link":"https:\/\/azqs.com\/velorution-strasbourg\/nos-amis\/","title":{"rendered":"Amis"},"content":{"rendered":"<p>Les diff\u00e9rentes entit\u00e9s de Strasbourg et d&rsquo;ailleurs, qui partagent nos valeurs et notre cause.<\/p>\n<p>&nbsp;<\/p>\n<table style=\"text-align: middle;width: 100%\" border=\"0\" cellspacing=\"0\" cellpadding=\"0\">\n<tbody>\n<tr>\n<td style=\"vertical-align: middle;width: 43.6709%;text-align: left\"><a href=\"http:\/\/www.bretzselle.org\/\"><img loading=\"lazy\" decoding=\"async\" class=\"alignleft wp-image-37\" src=\"http:\/\/azqs.com\/velorution-strasbourg\/files\/2020\/02\/Brezelogo-150x150.png\" alt=\"\" width=\"100\" height=\"100\" \/><\/a><\/td>\n<td style=\"vertical-align: middle;width: 55.6962%\"><a href=\"http:\/\/www.bretzselle.org\/\"><strong>Bretz&rsquo;Selle<\/strong><\/a><br \/>\nAtelier d&rsquo;autor\u00e9paration cycle \u00e0 Strasbourg centre<\/td>\n<\/tr>\n<tr>\n<td style=\"vertical-align: middle;width: 43.6709%\"><a href=\"http:\/\/lestick.fr\/\"><img loading=\"lazy\" decoding=\"async\" class=\"alignleft wp-image-42\" src=\"http:\/\/azqs.com\/velorution-strasbourg\/files\/2020\/02\/lesticklogo-150x150.jpg\" alt=\"\" width=\"100\" height=\"100\" srcset=\"https:\/\/azqs.com\/velorution-strasbourg\/files\/2020\/02\/lesticklogo-150x150.jpg 150w, https:\/\/azqs.com\/velorution-strasbourg\/files\/2020\/02\/lesticklogo-300x300.jpg 300w, https:\/\/azqs.com\/velorution-strasbourg\/files\/2020\/02\/lesticklogo-100x100.jpg 100w, https:\/\/azqs.com\/velorution-strasbourg\/files\/2020\/02\/lesticklogo-200x200.jpg 200w, https:\/\/azqs.com\/velorution-strasbourg\/files\/2020\/02\/lesticklogo.jpg 315w\" sizes=\"(max-width: 100px) 100vw, 100px\" \/><\/a><\/td>\n<td style=\"vertical-align: middle;width: 55.6962%\"><a href=\"http:\/\/lestick.fr\/\"><strong>Le Syndicat technique d&rsquo;initiative cyclable de Koenigshoffen<\/strong><\/a><br \/>\nAtelier d&rsquo;autor\u00e9paration cycle \u00e0 Strasbourg Koenigshoffen (ouest)<\/td>\n<\/tr>\n<tr>\n<td style=\"vertical-align: middle;width: 43.6709%\"><a href=\"http:\/\/laschilyclette.fr\"><img loading=\"lazy\" decoding=\"async\" class=\"alignleft wp-image-158\" src=\"http:\/\/azqs.com\/velorution-strasbourg\/files\/2020\/02\/G_1_DeclinaisonLogo_LaSchilyclette_compress55-150x150.jpg\" alt=\"\" width=\"100\" height=\"100\" srcset=\"https:\/\/azqs.com\/velorution-strasbourg\/files\/2020\/02\/G_1_DeclinaisonLogo_LaSchilyclette_compress55-150x150.jpg 150w, https:\/\/azqs.com\/velorution-strasbourg\/files\/2020\/02\/G_1_DeclinaisonLogo_LaSchilyclette_compress55-300x300.jpg 300w, https:\/\/azqs.com\/velorution-strasbourg\/files\/2020\/02\/G_1_DeclinaisonLogo_LaSchilyclette_compress55-768x769.jpg 768w, https:\/\/azqs.com\/velorution-strasbourg\/files\/2020\/02\/G_1_DeclinaisonLogo_LaSchilyclette_compress55-1024x1024.jpg 1024w, https:\/\/azqs.com\/velorution-strasbourg\/files\/2020\/02\/G_1_DeclinaisonLogo_LaSchilyclette_compress55-100x100.jpg 100w, https:\/\/azqs.com\/velorution-strasbourg\/files\/2020\/02\/G_1_DeclinaisonLogo_LaSchilyclette_compress55-200x200.jpg 200w, https:\/\/azqs.com\/velorution-strasbourg\/files\/2020\/02\/G_1_DeclinaisonLogo_LaSchilyclette_compress55-450x450.jpg 450w, https:\/\/azqs.com\/velorution-strasbourg\/files\/2020\/02\/G_1_DeclinaisonLogo_LaSchilyclette_compress55-600x601.jpg 600w, https:\/\/azqs.com\/velorution-strasbourg\/files\/2020\/02\/G_1_DeclinaisonLogo_LaSchilyclette_compress55-900x901.jpg 900w, https:\/\/azqs.com\/velorution-strasbourg\/files\/2020\/02\/G_1_DeclinaisonLogo_LaSchilyclette_compress55.jpg 1068w\" sizes=\"(max-width: 100px) 100vw, 100px\" \/><\/a><\/td>\n<td style=\"vertical-align: middle;width: 55.6962%\"><a href=\"http:\/\/laschilyclette.fr\"><strong>La Schilyclette<\/strong><\/a><br \/>\nAtelier d&rsquo;autor\u00e9paration cycle \u00e0 Schiltigheim (nord)<\/td>\n<\/tr>\n<tr>\n<td style=\"vertical-align: middle;width: 43.6709%\"><a href=\"https:\/\/cadr67.fr\/\"><img loading=\"lazy\" decoding=\"async\" class=\"alignleft wp-image-38\" src=\"http:\/\/azqs.com\/velorution-strasbourg\/files\/2020\/02\/cadr67-150x150.jpeg\" alt=\"\" width=\"100\" height=\"100\" srcset=\"https:\/\/azqs.com\/velorution-strasbourg\/files\/2020\/02\/cadr67-150x150.jpeg 150w, https:\/\/azqs.com\/velorution-strasbourg\/files\/2020\/02\/cadr67-300x300.jpeg 300w, https:\/\/azqs.com\/velorution-strasbourg\/files\/2020\/02\/cadr67-100x100.jpeg 100w, https:\/\/azqs.com\/velorution-strasbourg\/files\/2020\/02\/cadr67-200x200.jpeg 200w, https:\/\/azqs.com\/velorution-strasbourg\/files\/2020\/02\/cadr67.jpeg 400w\" sizes=\"(max-width: 100px) 100vw, 100px\" \/><\/a><\/td>\n<td style=\"vertical-align: middle;width: 55.6962%\"><a href=\"https:\/\/cadr67.fr\/\"><strong>Le Cadr 67<\/strong><\/a><br \/>\nLe Comit\u00e9 d\u2019Action Deux Roues est une association bas-rhinoise de promotion du v\u00e9lo.<br \/>\nDepuis 1975 \u00e0 Strasbourg<\/td>\n<\/tr>\n<tr>\n<td style=\"vertical-align: middle;width: 43.6709%\"><a href=\"https:\/\/alternatiba.eu\/strasbourg\/\"><img loading=\"lazy\" decoding=\"async\" class=\"alignleft wp-image-36\" src=\"http:\/\/azqs.com\/velorution-strasbourg\/files\/2020\/02\/alternatibastraslogo-150x150.jpg\" alt=\"\" width=\"100\" height=\"100\" srcset=\"https:\/\/azqs.com\/velorution-strasbourg\/files\/2020\/02\/alternatibastraslogo-150x149.jpg 150w, https:\/\/azqs.com\/velorution-strasbourg\/files\/2020\/02\/alternatibastraslogo-100x100.jpg 100w, https:\/\/azqs.com\/velorution-strasbourg\/files\/2020\/02\/alternatibastraslogo-200x199.jpg 200w, https:\/\/azqs.com\/velorution-strasbourg\/files\/2020\/02\/alternatibastraslogo.jpg 225w\" sizes=\"(max-width: 100px) 100vw, 100px\" \/><\/a><\/td>\n<td style=\"vertical-align: middle;width: 55.6962%\"><a href=\"https:\/\/alternatiba.eu\/strasbourg\/\"><strong>Alternatiba Strasbourg<\/strong><\/a><br \/>\nAlternatives individuelles, collectives, territoriales et syst\u00e9miques au changement climatique et \u00e0 la crise \u00e9nerg\u00e9tique<\/td>\n<\/tr>\n<tr>\n<td style=\"vertical-align: middle;width: 43.6709%\"><a href=\"https:\/\/strasbourgrespire.fr\/\"><img loading=\"lazy\" decoding=\"async\" class=\"alignleft wp-image-45\" src=\"http:\/\/azqs.com\/velorution-strasbourg\/files\/2020\/02\/strasbourgrespirelogo-150x150.png\" alt=\"\" width=\"100\" height=\"100\" srcset=\"https:\/\/azqs.com\/velorution-strasbourg\/files\/2020\/02\/strasbourgrespirelogo-150x150.png 150w, https:\/\/azqs.com\/velorution-strasbourg\/files\/2020\/02\/strasbourgrespirelogo-300x300.png 300w, https:\/\/azqs.com\/velorution-strasbourg\/files\/2020\/02\/strasbourgrespirelogo-100x100.png 100w, https:\/\/azqs.com\/velorution-strasbourg\/files\/2020\/02\/strasbourgrespirelogo-200x200.png 200w, https:\/\/azqs.com\/velorution-strasbourg\/files\/2020\/02\/strasbourgrespirelogo-450x450.png 450w, https:\/\/azqs.com\/velorution-strasbourg\/files\/2020\/02\/strasbourgrespirelogo.png 512w\" sizes=\"(max-width: 100px) 100vw, 100px\" \/><\/a><\/td>\n<td style=\"vertical-align: middle;width: 55.6962%\"><a href=\"https:\/\/strasbourgrespire.fr\/\"><strong>Strasbourg Respire<\/strong><\/a><br \/>\nCollectif de citoyens et m\u00e9decins, lanceur d\u2019alerte sur les risques pour la sant\u00e9 de la pollution de l&rsquo;air.<\/td>\n<\/tr>\n<tr>\n<td style=\"vertical-align: middle;width: 43.6709%\"><a href=\"https:\/\/www.greenpeace.fr\/strasbourg\/\"><img loading=\"lazy\" decoding=\"async\" class=\"alignleft wp-image-41\" src=\"http:\/\/azqs.com\/velorution-strasbourg\/files\/2020\/02\/greenpeacelogo-150x150.jpg\" alt=\"\" width=\"100\" height=\"100\" \/><\/a><\/td>\n<td style=\"vertical-align: middle;width: 55.6962%\"><a href=\"https:\/\/www.greenpeace.fr\/strasbourg\/\"><strong>Greenpeace &#8211; groupe local de Strasbourg<\/strong><\/a><br \/>\nOrganisation non gouvernementale internationale de protection de l&rsquo;environnement<\/td>\n<\/tr>\n<tr>\n<td style=\"vertical-align: middle;width: 43.6709%\"><a href=\"http:\/\/velorution.org\/\"><img loading=\"lazy\" decoding=\"async\" class=\"alignleft wp-image-46\" src=\"http:\/\/azqs.com\/velorution-strasbourg\/files\/2020\/02\/velorutionfrlogo-150x150.jpg\" alt=\"\" width=\"100\" height=\"100\" \/><\/a><\/td>\n<td style=\"vertical-align: middle;width: 55.6962%\"><a href=\"http:\/\/velorution.org\/\"><strong>La V\u00e9lorution nationale<\/strong><\/a><br \/>\nBien \u00e9videmment !<\/td>\n<\/tr>\n<tr>\n<td style=\"vertical-align: middle;width: 43.6709%\"><img loading=\"lazy\" decoding=\"async\" class=\"alignnone size-full wp-image-940\" src=\"http:\/\/azqs.com\/velorution-strasbourg\/files\/2020\/05\/t\u00e9l\u00e9chargement.png\" alt=\"\" width=\"231\" height=\"240\" srcset=\"https:\/\/azqs.com\/velorution-strasbourg\/files\/2020\/05\/t\u00e9l\u00e9chargement.png 231w, https:\/\/azqs.com\/velorution-strasbourg\/files\/2020\/05\/t\u00e9l\u00e9chargement-100x104.png 100w, https:\/\/azqs.com\/velorution-strasbourg\/files\/2020\/05\/t\u00e9l\u00e9chargement-150x156.png 150w, https:\/\/azqs.com\/velorution-strasbourg\/files\/2020\/05\/t\u00e9l\u00e9chargement-200x208.png 200w\" sizes=\"(max-width: 231px) 100vw, 231px\" \/><\/td>\n<td style=\"vertical-align: middle;width: 55.6962%\"><a href=\"https:\/\/www.facebook.com\/profile.php?id=100012163030344\"><strong>A&rsquo;cro du v\u00e9lo<\/strong><\/a><\/p>\n<p>Atelier v\u00e9lo associatif, participatif et solidaire \u00e0 Cronenbourg (nord ouest)<\/p>\n<p><a href=\"mailto:contact@acroduvelo.fr\" rel=\"noreferrer\">contact@acroduvelo.fr<\/a><\/td>\n<\/tr>\n<tr>\n<td style=\"vertical-align: middle;width: 43.6709%\"><\/td>\n<td style=\"vertical-align: middle;width: 55.6962%\"><\/td>\n<\/tr>\n<\/tbody>\n<\/table>\n<p>&nbsp;<\/p>\n","protected":false},"excerpt":{"rendered":"<p>Les diff\u00e9rentes entit\u00e9s de Strasbourg et d&rsquo;ailleurs, qui partagent nos valeurs et notre cause. &nbsp; Bretz&rsquo;Selle Atelier d&rsquo;autor\u00e9paration cycle \u00e0 Strasbourg centre Le Syndicat technique d&rsquo;initiative cyclable de Koenigshoffen Atelier d&rsquo;autor\u00e9paration cycle \u00e0 Strasbourg Koenigshoffen (ouest) La Schilyclette Atelier d&rsquo;autor\u00e9paration &hellip;<\/p>\n<p class=\"read-more\"> <a class=\"more-link\" href=\"https:\/\/azqs.com\/velorution-strasbourg\/nos-amis\/\"> <span class=\"screen-reader-text\">Amis<\/span> Read More &raquo;<\/a><\/p>\n","protected":false},"author":327,"featured_media":0,"parent":0,"menu_order":5,"comment_status":"closed","ping_status":"closed","template":"","meta":{"footnotes":""},"class_list":["post-11","page","type-page","status-publish","hentry"],"_links":{"self":[{"href":"https:\/\/azqs.com\/velorution-strasbourg\/wp-json\/wp\/v2\/pages\/11"}],"collection":[{"href":"https:\/\/azqs.com\/velorution-strasbourg\/wp-json\/wp\/v2\/pages"}],"about":[{"href":"https:\/\/azqs.com\/velorution-strasbourg\/wp-json\/wp\/v2\/types\/page"}],"author":[{"embeddable":true,"href":"https:\/\/azqs.com\/velorution-strasbourg\/wp-json\/wp\/v2\/users\/327"}],"replies":[{"embeddable":true,"href":"https:\/\/azqs.com\/velorution-strasbourg\/wp-json\/wp\/v2\/comments?post=11"}],"version-history":[{"count":5,"href":"https:\/\/azqs.com\/velorution-strasbourg\/wp-json\/wp\/v2\/pages\/11\/revisions"}],"predecessor-version":[{"id":941,"href":"https:\/\/azqs.com\/velorution-strasbourg\/wp-json\/wp\/v2\/pages\/11\/revisions\/941"}],"wp:attachment":[{"href":"https:\/\/azqs.com\/velorution-strasbourg\/wp-json\/wp\/v2\/media?parent=11"}],"curies":[{"name":"wp","href":"https:\/\/api.w.org\/{rel}","templated":true}]}}