{"id":78,"date":"2020-01-17T20:09:23","date_gmt":"2020-01-17T19:09:23","guid":{"rendered":"http:\/\/azqs.com\/sexogenie\/?page_id=78"},"modified":"2020-02-04T10:10:28","modified_gmt":"2020-02-04T09:10:28","slug":"mentions-legales","status":"publish","type":"page","link":"https:\/\/azqs.com\/sexogenie\/mentions-legales\/","title":{"rendered":"Mentions l\u00e9gales"},"content":{"rendered":"<div id=\"attachment_314\" style=\"width: 3199px\" class=\"wp-caption aligncenter\"><img loading=\"lazy\" decoding=\"async\" aria-describedby=\"caption-attachment-314\" class=\"size-full wp-image-314\" src=\"http:\/\/azqs.com\/sexogenie\/files\/2020\/02\/logo-antigone_HD_RVB.png\" alt=\"\" width=\"3189\" height=\"1417\" srcset=\"https:\/\/azqs.com\/sexogenie\/files\/2020\/02\/logo-antigone_HD_RVB.png 3189w, https:\/\/azqs.com\/sexogenie\/files\/2020\/02\/logo-antigone_HD_RVB-300x133.png 300w, https:\/\/azqs.com\/sexogenie\/files\/2020\/02\/logo-antigone_HD_RVB-768x341.png 768w, https:\/\/azqs.com\/sexogenie\/files\/2020\/02\/logo-antigone_HD_RVB-1024x455.png 1024w\" sizes=\"(max-width: 3189px) 100vw, 3189px\" \/><p id=\"caption-attachment-314\" class=\"wp-caption-text\">Antigone coop\u00e9rative d&rsquo;activit\u00e9 et d&#8217;emplois g\u00e9n\u00e9raliste<\/p><\/div>\n<p><strong>JUNG Eug\u00e9nie est en contrat cape de la coop\u00e9rative\u00a0<\/strong><strong>ANTIGONE <\/strong><\/p>\n<p><strong>jusqu&rsquo;au 20 aout 2020<\/strong><\/p>\n<p>Coop\u00e9rative d\u2019Activit\u00e9s et d\u2019Emploi\u00a0g\u00e9n\u00e9raliste<\/p>\n<p>N\u00b0 SIRET : 51 85 80 54 300081 \u00a0| Code APE : 7022Z<\/p>\n<p>R.C.S. Strasbourg TI 518580543<\/p>\n<p>TVA Intra. : FR60518580543<\/p>\n<p><a href=\"http:\/\/azqs.com\/sexogenie\/files\/2020\/02\/CGV-Antigone.pdf\">CGV-Antigone<\/a><\/p>\n","protected":false},"excerpt":{"rendered":"<p>JUNG Eug\u00e9nie est en contrat cape de la coop\u00e9rative\u00a0ANTIGONE jusqu&rsquo;au 20 aout 2020 Coop\u00e9rative d\u2019Activit\u00e9s et d\u2019Emploi\u00a0g\u00e9n\u00e9raliste N\u00b0 SIRET : 51 85 80 54 300081 \u00a0| Code APE : 7022Z R.C.S. Strasbourg TI 518580543 TVA Intra. : FR60518580543 CGV-Antigone<\/p>\n","protected":false},"author":305,"featured_media":314,"parent":0,"menu_order":0,"comment_status":"closed","ping_status":"closed","template":"","meta":{"footnotes":""},"class_list":["bg-stuff"],"_links":{"self":[{"href":"https:\/\/azqs.com\/sexogenie\/wp-json\/wp\/v2\/pages\/78"}],"collection":[{"href":"https:\/\/azqs.com\/sexogenie\/wp-json\/wp\/v2\/pages"}],"about":[{"href":"https:\/\/azqs.com\/sexogenie\/wp-json\/wp\/v2\/types\/page"}],"author":[{"embeddable":true,"href":"https:\/\/azqs.com\/sexogenie\/wp-json\/wp\/v2\/users\/305"}],"replies":[{"embeddable":true,"href":"https:\/\/azqs.com\/sexogenie\/wp-json\/wp\/v2\/comments?post=78"}],"version-history":[{"count":4,"href":"https:\/\/azqs.com\/sexogenie\/wp-json\/wp\/v2\/pages\/78\/revisions"}],"predecessor-version":[{"id":315,"href":"https:\/\/azqs.com\/sexogenie\/wp-json\/wp\/v2\/pages\/78\/revisions\/315"}],"wp:featuredmedia":[{"embeddable":true,"href":"https:\/\/azqs.com\/sexogenie\/wp-json\/wp\/v2\/media\/314"}],"wp:attachment":[{"href":"https:\/\/azqs.com\/sexogenie\/wp-json\/wp\/v2\/media?parent=78"}],"curies":[{"name":"wp","href":"https:\/\/api.w.org\/{rel}","templated":true}]}}