{"id":610,"date":"2023-03-07T11:24:55","date_gmt":"2023-03-07T10:24:55","guid":{"rendered":"https:\/\/azqs.com\/florent8schmitt\/?page_id=610"},"modified":"2024-01-09T14:20:18","modified_gmt":"2024-01-09T13:20:18","slug":"lointains-interieurs","status":"publish","type":"page","link":"https:\/\/azqs.com\/florent8schmitt\/atropisme-le-fragment-ment-quand\/lointains-interieurs\/","title":{"rendered":"Lointains Int\u00e9rieurs"},"content":{"rendered":"<p>Des texte de po\u00e9sie en fondu encha\u00een\u00e9 de m\u00e9taphores du monde contemporain, un phras\u00e9 spoken word sur des instrus ambient, ou carr\u00e9ment Hip Hop.<\/p>\n<p>En \u00e9coute et en vente sur Bandcamp et disponible sur toutes les plateformes :<\/p>\n<p><a href=\"https:\/\/leflo.bandcamp.com\/album\/lointains-int-rieurs\">https:\/\/leflo.bandcamp.com\/album\/lointains-int-rieurs<\/a><\/p>\n<p><img loading=\"lazy\" decoding=\"async\" class=\"alignnone wp-image-607\" src=\"http:\/\/azqs.com\/florent8schmitt\/files\/2023\/03\/Pochette-LI-Recto-1024x1024.jpg\" alt=\"\" width=\"322\" height=\"322\" srcset=\"https:\/\/azqs.com\/florent8schmitt\/files\/2023\/03\/Pochette-LI-Recto-1024x1024.jpg 1024w, https:\/\/azqs.com\/florent8schmitt\/files\/2023\/03\/Pochette-LI-Recto-300x300.jpg 300w, https:\/\/azqs.com\/florent8schmitt\/files\/2023\/03\/Pochette-LI-Recto-150x150.jpg 150w, https:\/\/azqs.com\/florent8schmitt\/files\/2023\/03\/Pochette-LI-Recto.jpg 1417w\" sizes=\"(max-width: 322px) 100vw, 322px\" \/><\/p>\n<p>EP avec les 5 morceaux.<br \/>\nS\u00e9rie limit\u00e9e et num\u00e9rot\u00e9e, 50 exemplaires.<br \/>\nPochette et Cd en impression UV<br \/>\n3 Inserts s\u00e9par\u00e9s (2 cartes collages + 1 Insert Croquis Flo et Tracklist d\u00e9taill\u00e9e).<\/p>\n<p><img loading=\"lazy\" decoding=\"async\" class=\"alignnone wp-image-614\" src=\"http:\/\/azqs.com\/florent8schmitt\/files\/2023\/03\/IMG_0578-1024x683.jpg\" alt=\"\" width=\"491\" height=\"332\" \/><\/p>\n<p>&nbsp;<\/p>\n<p>&nbsp;<\/p>\n","protected":false},"excerpt":{"rendered":"<p>Des texte de po\u00e9sie en fondu encha\u00een\u00e9 de m\u00e9taphores du monde contemporain, un phras\u00e9 spoken word sur des instrus ambient, ou carr\u00e9ment Hip Hop. En \u00e9coute et en vente sur Bandcamp et disponible sur toutes les plateformes : https:\/\/leflo.bandcamp.com\/album\/lointains-int-rieurs EP &hellip; <a href=\"https:\/\/azqs.com\/florent8schmitt\/atropisme-le-fragment-ment-quand\/lointains-interieurs\/\">Continuer la lecture <span class=\"meta-nav\">&rarr;<\/span><\/a><\/p>\n","protected":false},"author":308,"featured_media":0,"parent":454,"menu_order":1,"comment_status":"closed","ping_status":"closed","template":"","meta":{"footnotes":""},"class_list":["post-610","page","type-page","status-publish","hentry"],"_links":{"self":[{"href":"https:\/\/azqs.com\/florent8schmitt\/wp-json\/wp\/v2\/pages\/610"}],"collection":[{"href":"https:\/\/azqs.com\/florent8schmitt\/wp-json\/wp\/v2\/pages"}],"about":[{"href":"https:\/\/azqs.com\/florent8schmitt\/wp-json\/wp\/v2\/types\/page"}],"author":[{"embeddable":true,"href":"https:\/\/azqs.com\/florent8schmitt\/wp-json\/wp\/v2\/users\/308"}],"replies":[{"embeddable":true,"href":"https:\/\/azqs.com\/florent8schmitt\/wp-json\/wp\/v2\/comments?post=610"}],"version-history":[{"count":4,"href":"https:\/\/azqs.com\/florent8schmitt\/wp-json\/wp\/v2\/pages\/610\/revisions"}],"predecessor-version":[{"id":680,"href":"https:\/\/azqs.com\/florent8schmitt\/wp-json\/wp\/v2\/pages\/610\/revisions\/680"}],"up":[{"embeddable":true,"href":"https:\/\/azqs.com\/florent8schmitt\/wp-json\/wp\/v2\/pages\/454"}],"wp:attachment":[{"href":"https:\/\/azqs.com\/florent8schmitt\/wp-json\/wp\/v2\/media?parent=610"}],"curies":[{"name":"wp","href":"https:\/\/api.w.org\/{rel}","templated":true}]}}