{"id":76,"date":"2015-11-05T03:57:19","date_gmt":"2015-11-05T02:57:19","guid":{"rendered":"http:\/\/azqs.com\/contesdelapero\/?page_id=76"},"modified":"2016-02-03T03:04:30","modified_gmt":"2016-02-03T02:04:30","slug":"menu-image","status":"publish","type":"page","link":"https:\/\/azqs.com\/contesdelapero\/","title":{"rendered":""},"content":{"rendered":"<p><span style=\"color: #ff0000;\">Avertissement<\/span><\/p>\n<p>Sauf mention contraire, ces contes ont tous \u00e9t\u00e9 \u00e9crits dans un bar, chaque fois diff\u00e9rent, \u00e0 l\u2019heure de l\u2019ap\u00e9ro, dans le tintamarre\u00a0: les engueulades de comptoir, les ch\u0153urs de poivrots, la FM \u00e0 fond, les arriv\u00e9es des courses de chevaux, les d\u00e9clarations d\u2019amour p\u00e2teuses et m\u00eame une descente de police. Ces ambiances vari\u00e9es ont pu dans certain cas influer sur le cours du conte.<\/p>\n<p><a href=\"http:\/\/azqs.com\/contesdelapero\/?p=29\"><img loading=\"lazy\" decoding=\"async\" class=\"alignnone wp-image-128 size-full\" src=\"http:\/\/azqs.com\/contesdelapero\/files\/2015\/11\/hansel_loup2.png\" alt=\"hansel_loup2\" width=\"150\" height=\"150\" \/><\/a><a href=\"http:\/\/azqs.com\/contesdelapero\/?p=33\"><img loading=\"lazy\" decoding=\"async\" class=\"alignnone wp-image-135 size-full\" src=\"http:\/\/azqs.com\/contesdelapero\/files\/2015\/11\/Le-loup-de-Bre\u0302me.png\" alt=\"Le loup de Bre\u0302me\" width=\"150\" height=\"150\" \/><\/a><a href=\"http:\/\/azqs.com\/contesdelapero\/?p=27\"><img loading=\"lazy\" decoding=\"async\" class=\"alignnone wp-image-137 size-full\" src=\"http:\/\/azqs.com\/contesdelapero\/files\/2015\/11\/princesse-7-chevreaux.png\" alt=\"princesse 7 chevreaux\" width=\"150\" height=\"150\" \/><\/a><a href=\"http:\/\/azqs.com\/contesdelapero\/?p=35\"><img loading=\"lazy\" decoding=\"async\" class=\"alignnone wp-image-142 size-full\" src=\"http:\/\/azqs.com\/contesdelapero\/files\/2015\/11\/BARBE-AU-BOIS-DORMANT.png\" alt=\"BARBE AU BOIS DORMANT\" width=\"150\" height=\"150\" \/><\/a><a href=\"http:\/\/azqs.com\/contesdelapero\/?p=37\"><img loading=\"lazy\" decoding=\"async\" class=\"alignnone wp-image-144 size-full\" src=\"http:\/\/azqs.com\/contesdelapero\/files\/2015\/11\/ROUGE-NEIGE.png\" alt=\"ROUGE NEIGE\" width=\"150\" height=\"150\" \/><\/a><img loading=\"lazy\" decoding=\"async\" class=\"alignnone wp-image-234 size-thumbnail\" src=\"http:\/\/azqs.com\/contesdelapero\/files\/2015\/11\/verre_vin_vid\u00e9-150x150.png\" alt=\"\" width=\"150\" height=\"150\" srcset=\"https:\/\/azqs.com\/contesdelapero\/files\/2015\/11\/verre_vin_vid\u00e9-150x150.png 150w, https:\/\/azqs.com\/contesdelapero\/files\/2015\/11\/verre_vin_vid\u00e9-300x300.png 300w, https:\/\/azqs.com\/contesdelapero\/files\/2015\/11\/verre_vin_vid\u00e9.png 600w\" sizes=\"(max-width: 150px) 100vw, 150px\" \/><a href=\"http:\/\/azqs.com\/contesdelapero\/?p=173\"><img loading=\"lazy\" decoding=\"async\" class=\"alignnone wp-image-176 size-full\" src=\"http:\/\/azqs.com\/contesdelapero\/files\/2015\/11\/La-vilaine-petite-sir\u00e8ne1.png\" alt=\"\" width=\"150\" height=\"150\" \/><\/a><a href=\"http:\/\/azqs.com\/contesdelapero\/?p=178\"><img loading=\"lazy\" decoding=\"async\" class=\"alignnone wp-image-177 size-full\" src=\"http:\/\/azqs.com\/contesdelapero\/files\/2015\/11\/Le-loup-de-Monsieur-Seguin.png\" alt=\"Le loup de Monsieur Seguin\" width=\"150\" height=\"150\" \/><\/a><a href=\"http:\/\/azqs.com\/contesdelapero\/?p=182\"><img loading=\"lazy\" decoding=\"async\" class=\"alignnone wp-image-184 size-full\" src=\"http:\/\/azqs.com\/contesdelapero\/files\/2015\/11\/Le-loup-et-l\u2019empereur-de-Chine.png\" alt=\"Le loup et l\u2019empereur de Chine\" width=\"150\" height=\"150\" \/><\/a><a href=\"http:\/\/azqs.com\/contesdelapero\/?p=186\"><img loading=\"lazy\" decoding=\"async\" class=\"alignnone wp-image-188 size-full\" src=\"http:\/\/azqs.com\/contesdelapero\/files\/2015\/11\/Le-petit-canard-rouge.png\" alt=\"Le petit canard rouge\" width=\"150\" height=\"150\" \/><\/a><img loading=\"lazy\" decoding=\"async\" class=\"alignnone wp-image-169 size-thumbnail\" src=\"http:\/\/azqs.com\/contesdelapero\/files\/2015\/11\/verre_vin_presque_vide-150x150.png\" alt=\"verre_vin_presque_vide\" width=\"150\" height=\"150\" srcset=\"https:\/\/azqs.com\/contesdelapero\/files\/2015\/11\/verre_vin_presque_vide-150x150.png 150w, https:\/\/azqs.com\/contesdelapero\/files\/2015\/11\/verre_vin_presque_vide-300x300.png 300w, https:\/\/azqs.com\/contesdelapero\/files\/2015\/11\/verre_vin_presque_vide.png 600w\" sizes=\"(max-width: 150px) 100vw, 150px\" \/><a href=\"http:\/\/azqs.com\/contesdelapero\/?p=193\"><img loading=\"lazy\" decoding=\"async\" class=\"alignnone wp-image-194 size-full\" src=\"http:\/\/azqs.com\/contesdelapero\/files\/2015\/11\/Le-vilain-petit-chaperon-rouge1.png\" alt=\"\" width=\"150\" height=\"150\" \/><\/a><a href=\"http:\/\/azqs.com\/contesdelapero\/?p=200\"><img loading=\"lazy\" decoding=\"async\" class=\"alignnone wp-image-199 size-full\" src=\"http:\/\/azqs.com\/contesdelapero\/files\/2015\/11\/Les-musiciens-dans-la-bouteille.png\" alt=\"Les musiciens dans la bouteille\" width=\"150\" height=\"150\" \/><\/a><img loading=\"lazy\" decoding=\"async\" class=\"alignnone wp-image-166 size-thumbnail\" src=\"http:\/\/azqs.com\/contesdelapero\/files\/2015\/11\/verre_vin_plein-150x150.png\" alt=\"\" width=\"150\" height=\"150\" srcset=\"https:\/\/azqs.com\/contesdelapero\/files\/2015\/11\/verre_vin_plein-150x150.png 150w, https:\/\/azqs.com\/contesdelapero\/files\/2015\/11\/verre_vin_plein-300x300.png 300w, https:\/\/azqs.com\/contesdelapero\/files\/2015\/11\/verre_vin_plein.png 600w\" sizes=\"(max-width: 150px) 100vw, 150px\" \/><a href=\"http:\/\/azqs.com\/contesdelapero\/?p=210\"><img loading=\"lazy\" decoding=\"async\" class=\"alignnone size-thumbnail wp-image-247\" src=\"http:\/\/azqs.com\/contesdelapero\/files\/2015\/11\/le-pauvre-et-Gretel-150x150.png\" alt=\"le pauvre et Gretel\" width=\"150\" height=\"150\" srcset=\"https:\/\/azqs.com\/contesdelapero\/files\/2015\/11\/le-pauvre-et-Gretel-150x150.png 150w, https:\/\/azqs.com\/contesdelapero\/files\/2015\/11\/le-pauvre-et-Gretel-300x300.png 300w, https:\/\/azqs.com\/contesdelapero\/files\/2015\/11\/le-pauvre-et-Gretel.png 585w\" sizes=\"(max-width: 150px) 100vw, 150px\" \/><\/a><a href=\"http:\/\/azqs.com\/contesdelapero\/?p=31\"><img loading=\"lazy\" decoding=\"async\" class=\"alignnone wp-image-123 size-full\" src=\"http:\/\/azqs.com\/contesdelapero\/files\/2015\/11\/LE-CHAT-BLEU1.png\" alt=\"LE CHAT BLEU\" width=\"150\" height=\"150\" \/><\/a><\/p>\n","protected":false},"excerpt":{"rendered":"<p>Avertissement Sauf mention contraire, ces contes ont tous \u00e9t\u00e9 \u00e9crits dans un bar, chaque fois diff\u00e9rent, \u00e0 l\u2019heure de l\u2019ap\u00e9ro, dans le tintamarre\u00a0: les engueulades de comptoir, les ch\u0153urs de poivrots, la FM \u00e0 fond, les arriv\u00e9es des courses de chevaux, les d\u00e9clarations d\u2019amour p\u00e2teuses et m\u00eame une descente de police. Ces ambiances vari\u00e9es ont &hellip; <a href=\"https:\/\/azqs.com\/contesdelapero\/\" class=\"more-link\">Continuer la lecture de <span class=\"screen-reader-text\"><\/span> <span class=\"meta-nav\">&rarr;<\/span><\/a><\/p>\n","protected":false},"author":291,"featured_media":0,"parent":0,"menu_order":0,"comment_status":"closed","ping_status":"closed","template":"","meta":{"footnotes":""},"class_list":["post-76","page","type-page","status-publish","hentry"],"_links":{"self":[{"href":"https:\/\/azqs.com\/contesdelapero\/wp-json\/wp\/v2\/pages\/76"}],"collection":[{"href":"https:\/\/azqs.com\/contesdelapero\/wp-json\/wp\/v2\/pages"}],"about":[{"href":"https:\/\/azqs.com\/contesdelapero\/wp-json\/wp\/v2\/types\/page"}],"author":[{"embeddable":true,"href":"https:\/\/azqs.com\/contesdelapero\/wp-json\/wp\/v2\/users\/291"}],"replies":[{"embeddable":true,"href":"https:\/\/azqs.com\/contesdelapero\/wp-json\/wp\/v2\/comments?post=76"}],"version-history":[{"count":57,"href":"https:\/\/azqs.com\/contesdelapero\/wp-json\/wp\/v2\/pages\/76\/revisions"}],"predecessor-version":[{"id":348,"href":"https:\/\/azqs.com\/contesdelapero\/wp-json\/wp\/v2\/pages\/76\/revisions\/348"}],"wp:attachment":[{"href":"https:\/\/azqs.com\/contesdelapero\/wp-json\/wp\/v2\/media?parent=76"}],"curies":[{"name":"wp","href":"https:\/\/api.w.org\/{rel}","templated":true}]}}

<p><span style="color: #ff0000;">Avertissement</span></p>
<p>Sauf mention contraire, ces contes ont tous été écrits dans un bar, chaque fois différent, à l’heure de l’apéro, dans le tintamarre : les engueulades de comptoir, les chœurs de poivrots, la FM à fond, les arrivées des courses de chevaux, les déclarations d’amour pâteuses et même une descente de police. Ces ambiances variées ont pu dans certain cas influer sur le cours du conte.</p>
<p><a href="http://azqs.com/contesdelapero/?p=29"><img loading="lazy" decoding="async" class="alignnone wp-image-128 size-full" src="http://azqs.com/contesdelapero/files/2015/11/hansel_loup2.png" alt="hansel_loup2" width="150" height="150" /></a><a href="http://azqs.com/contesdelapero/?p=33"><img loading="lazy" decoding="async" class="alignnone wp-image-135 size-full" src="http://azqs.com/contesdelapero/files/2015/11/Le-loup-de-Brême.png" alt="Le loup de Brême" width="150" height="150" /></a><a href="http://azqs.com/contesdelapero/?p=27"><img loading="lazy" decoding="async" class="alignnone wp-image-137 size-full" src="http://azqs.com/contesdelapero/files/2015/11/princesse-7-chevreaux.png" alt="princesse 7 chevreaux" width="150" height="150" /></a><a href="http://azqs.com/contesdelapero/?p=35"><img loading="lazy" decoding="async" class="alignnone wp-image-142 size-full" src="http://azqs.com/contesdelapero/files/2015/11/BARBE-AU-BOIS-DORMANT.png" alt="BARBE AU BOIS DORMANT" width="150" height="150" /></a><a href="http://azqs.com/contesdelapero/?p=37"><img loading="lazy" decoding="async" class="alignnone wp-image-144 size-full" src="http://azqs.com/contesdelapero/files/2015/11/ROUGE-NEIGE.png" alt="ROUGE NEIGE" width="150" height="150" /></a><img loading="lazy" decoding="async" class="alignnone wp-image-234 size-thumbnail" src="http://azqs.com/contesdelapero/files/2015/11/verre_vin_vidé-150x150.png" alt="" width="150" height="150" srcset="https://azqs.com/contesdelapero/files/2015/11/verre_vin_vidé-150x150.png 150w, https://azqs.com/contesdelapero/files/2015/11/verre_vin_vidé-300x300.png 300w, https://azqs.com/contesdelapero/files/2015/11/verre_vin_vidé.png 600w" sizes="(max-width: 150px) 100vw, 150px" /><a href="http://azqs.com/contesdelapero/?p=173"><img loading="lazy" decoding="async" class="alignnone wp-image-176 size-full" src="http://azqs.com/contesdelapero/files/2015/11/La-vilaine-petite-sirène1.png" alt="" width="150" height="150" /></a><a href="http://azqs.com/contesdelapero/?p=178"><img loading="lazy" decoding="async" class="alignnone wp-image-177 size-full" src="http://azqs.com/contesdelapero/files/2015/11/Le-loup-de-Monsieur-Seguin.png" alt="Le loup de Monsieur Seguin" width="150" height="150" /></a><a href="http://azqs.com/contesdelapero/?p=182"><img loading="lazy" decoding="async" class="alignnone wp-image-184 size-full" src="http://azqs.com/contesdelapero/files/2015/11/Le-loup-et-l’empereur-de-Chine.png" alt="Le loup et l’empereur de Chine" width="150" height="150" /></a><a href="http://azqs.com/contesdelapero/?p=186"><img loading="lazy" decoding="async" class="alignnone wp-image-188 size-full" src="http://azqs.com/contesdelapero/files/2015/11/Le-petit-canard-rouge.png" alt="Le petit canard rouge" width="150" height="150" /></a><img loading="lazy" decoding="async" class="alignnone wp-image-169 size-thumbnail" src="http://azqs.com/contesdelapero/files/2015/11/verre_vin_presque_vide-150x150.png" alt="verre_vin_presque_vide" width="150" height="150" srcset="https://azqs.com/contesdelapero/files/2015/11/verre_vin_presque_vide-150x150.png 150w, https://azqs.com/contesdelapero/files/2015/11/verre_vin_presque_vide-300x300.png 300w, https://azqs.com/contesdelapero/files/2015/11/verre_vin_presque_vide.png 600w" sizes="(max-width: 150px) 100vw, 150px" /><a href="http://azqs.com/contesdelapero/?p=193"><img loading="lazy" decoding="async" class="alignnone wp-image-194 size-full" src="http://azqs.com/contesdelapero/files/2015/11/Le-vilain-petit-chaperon-rouge1.png" alt="" width="150" height="150" /></a><a href="http://azqs.com/contesdelapero/?p=200"><img loading="lazy" decoding="async" class="alignnone wp-image-199 size-full" src="http://azqs.com/contesdelapero/files/2015/11/Les-musiciens-dans-la-bouteille.png" alt="Les musiciens dans la bouteille" width="150" height="150" /></a><img loading="lazy" decoding="async" class="alignnone wp-image-166 size-thumbnail" src="http://azqs.com/contesdelapero/files/2015/11/verre_vin_plein-150x150.png" alt="" width="150" height="150" srcset="https://azqs.com/contesdelapero/files/2015/11/verre_vin_plein-150x150.png 150w, https://azqs.com/contesdelapero/files/2015/11/verre_vin_plein-300x300.png 300w, https://azqs.com/contesdelapero/files/2015/11/verre_vin_plein.png 600w" sizes="(max-width: 150px) 100vw, 150px" /><a href="http://azqs.com/contesdelapero/?p=210"><img loading="lazy" decoding="async" class="alignnone size-thumbnail wp-image-247" src="http://azqs.com/contesdelapero/files/2015/11/le-pauvre-et-Gretel-150x150.png" alt="le pauvre et Gretel" width="150" height="150" srcset="https://azqs.com/contesdelapero/files/2015/11/le-pauvre-et-Gretel-150x150.png 150w, https://azqs.com/contesdelapero/files/2015/11/le-pauvre-et-Gretel-300x300.png 300w, https://azqs.com/contesdelapero/files/2015/11/le-pauvre-et-Gretel.png 585w" sizes="(max-width: 150px) 100vw, 150px" /></a><a href="http://azqs.com/contesdelapero/?p=31"><img loading="lazy" decoding="async" class="alignnone wp-image-123 size-full" src="http://azqs.com/contesdelapero/files/2015/11/LE-CHAT-BLEU1.png" alt="LE CHAT BLEU" width="150" height="150" /></a></p>

<p>Avertissement Sauf mention contraire, ces contes ont tous été écrits dans un bar, chaque fois différent, à l’heure de l’apéro, dans le tintamarre : les engueulades de comptoir, les chœurs de poivrots, la FM à fond, les arrivées des courses de chevaux, les déclarations d’amour pâteuses et même une descente de police. Ces ambiances variées ont &hellip; <a href="https://azqs.com/contesdelapero/" class="more-link">Continuer la lecture de <span class="screen-reader-text"></span> <span class="meta-nav">&rarr;</span></a></p>
