{"id":55,"date":"2013-06-28T13:41:15","date_gmt":"2013-06-28T13:41:15","guid":{"rendered":"http:\/\/azqs.com\/birdsofparadise\/?page_id=55"},"modified":"2016-03-13T17:51:48","modified_gmt":"2016-03-13T17:51:48","slug":"les-birds-of-quoi","status":"publish","type":"page","link":"https:\/\/azqs.com\/birdsofparadise\/","title":{"rendered":"Les Birds OF Quoi ?"},"content":{"rendered":"<h2>OF El\u00e9onore BOURREL<\/h2>\n<p><img loading=\"lazy\" decoding=\"async\" class=\"alignleft wp-image-58 size-full\" src=\"http:\/\/azqs.com\/birdsofparadise\/files\/2013\/06\/photo-pr\u00e9sentation-El\u00e9onore-copie.jpg\" alt=\"photo pr\u00e9sentation El\u00e9onore copie\" width=\"142\" height=\"189\" \/>Form\u00e9e au tissu a\u00e9rien \u00e0 l\u2019\u00c9cole Nationale de Cirque de Ch\u00e2tellerault, aux \u00e9quilibres et \u00e0 l\u2019acrobatie \u00e0 l\u2019\u00c9cole Nationale des Arts du Cirque de Rosny-sous-bois, elle a toujours une cuill\u00e8re en bois \u00e0 la main et une marmite sur le feu, partag\u00e9e entre ses deux passions. Elle approfondit son travail en danse et jeu d\u2019acteur lors de nombreuses rencontres (Cie Kubila\u00ef Khan Investigations, Cie Cirque Cahin-Caha, Diego O\u2019CAMPO, Kate McINTOSH, Marc DELNEST, Jeanne MORDOJ et Julie DENISSE, Frey FAUST, Olga MESA, Karim SEBBAR, Johanne SAUNIER) pour remplir les pupilles. Elle se perfectionne aux fourneaux, pour r\u00e9jouir les papilles.<br \/>\nElle participe \u00e0 des cr\u00e9ations de spectacles et cabarets avec les compagnies SiPeuCirque, Acroballes, La Trappe \u00e0 Ressort, Le Kafteur, Birds of Paradise, et autres \u00e9v\u00e8nements.<br \/>\nEn 2011, elle cr\u00e9e son projet, \u00ab\u00a0C\u00f4t\u00e9 four, c\u00f4t\u00e9 gratin\u00a0\u00bb, spectacle de cirque culinaire, soutenu par la r\u00e9gion Alsace et le Conseil G\u00e9n\u00e9ral du Bas-Rhin, la DRAC Alsace, la Fondation de France et le programme D\u00e9fi Jeune.<\/p>\n<h2>OF Sabine Grislin<\/h2>\n<p><img loading=\"lazy\" decoding=\"async\" class=\"alignleft wp-image-59 size-full\" src=\"http:\/\/azqs.com\/birdsofparadise\/files\/2013\/06\/photo-pr\u00e9sentationsab-copie.jpg\" alt=\"photo pr\u00e9sentationsab copie\" width=\"142\" height=\"123\" \/>Danseuse curieuse et avide d\u2019exp\u00e9riences insolites, elle nourrit sa d\u00e9marche artistique au fil de collaborations avec des artistes et chor\u00e9graphes tels que<br \/>\nVal\u00e9rie Lamielle, J\u00f6rg M\u00fcller, Mark Tompkins, F\u00e9lix R\u00fcckert, Herv\u00e9 Diasnas.<br \/>\nElle explore le th\u00e9\u00e2tre avec Jean-Marie Villegier et Jean-Louis Hourdin,<br \/>\nle cirque avec la Compagnie Cahin-Caha, la compagnie Flex<br \/>\nsuit des formations au trap\u00e8ze avec Lili Dehais et Zo\u00e9 Maistre<br \/>\net de clown aupr\u00e8s de Caroline Obin et Gulko. Elle est \u00e9galement la r\u00e9alisatrice au sein de la compagnie Les uns Grattent de Maux dire et M\u00eame pas mal, de Les trap\u00e9ziers sont en fleur avec la compagnie Birds of Paradise, spectacle pour un arbre et deux trap\u00e9zistes.<\/p>\n<h2>OF Anne Knipper<\/h2>\n<p><img loading=\"lazy\" decoding=\"async\" class=\"alignleft wp-image-60 size-full\" src=\"http:\/\/azqs.com\/birdsofparadise\/files\/2013\/06\/photo-pr\u00e9sentation-Anne-copie.jpg\" alt=\"photo pr\u00e9sentation Anne copie\" width=\"142\" height=\"108\" \/>Accord\u00e9on, scie musicale, clarinette, acrobaties a\u00e9riennes, \u00e9quilibres, port\u00e9s, jeu. Longtemps en \u00e9quilibre entre \u00e9tudes de m\u00e9decine et cirque, ses acrobaties l\u2019am\u00e8neront \u00e0 c\u00f4toyer la plupart des acteurs de la piste en Alsace \u00e0 partir de 1991. Elle enseigne ces arts de la piste \u00e0 \u00ab\u00a0Graine de Cirque\u00a0\u00bb tout en menant un parcours artistique dont les \u00e9tapes sont nombreuses et vari\u00e9es\u00a0: \u00ab\u00a0Les Acroballes\u00a0\u00bb, les \u00ab\u00a0Pieds-Mains\u00a0\u00bb de la famille Roum\u00e9gous, les \u00ab\u00a0Elastonautes\u00a0\u00bb, la \u00ab\u00a0Cie du 13\u00e8me quai\u00a0\u00bb, \u00ab\u00a0SiPeuCirque\u00a0\u00bb, la \u00ab Salamandre\u00a0\u00bb, l\u2019\u00abAcad\u00e9mie\u00a0Fratellini\u00a0\u00bb, l\u2019\u00e9cole \u00ab\u00a0Shems\u2019y\u00a0\u00bb \u00e0 Sal\u00e9 au Maroc.<br \/>\nEnergique et r\u00e9solue, les cabrioles n\u2019ont jamais \u00e9t\u00e9 pour elle en contradiction avec le fait d\u2019avoir les pieds bien sur terre.<\/p>\n","protected":false},"excerpt":{"rendered":"<p>OF El\u00e9onore BOURREL Form\u00e9e au tissu a\u00e9rien \u00e0 l\u2019\u00c9cole Nationale de Cirque de Ch\u00e2tellerault, aux \u00e9quilibres et \u00e0 l\u2019acrobatie \u00e0 l\u2019\u00c9cole Nationale des Arts du Cirque de Rosny-sous-bois, elle a toujours une cuill\u00e8re en bois \u00e0 la main et une &hellip; <a href=\"https:\/\/azqs.com\/birdsofparadise\/\">Continuer la lecture <span class=\"meta-nav\">&rarr;<\/span><\/a><\/p>\n","protected":false},"author":285,"featured_media":0,"parent":0,"menu_order":0,"comment_status":"closed","ping_status":"closed","template":"sidebar-page.php","meta":{"footnotes":""},"class_list":["post-55","page","type-page","status-publish","hentry"],"_links":{"self":[{"href":"https:\/\/azqs.com\/birdsofparadise\/wp-json\/wp\/v2\/pages\/55"}],"collection":[{"href":"https:\/\/azqs.com\/birdsofparadise\/wp-json\/wp\/v2\/pages"}],"about":[{"href":"https:\/\/azqs.com\/birdsofparadise\/wp-json\/wp\/v2\/types\/page"}],"author":[{"embeddable":true,"href":"https:\/\/azqs.com\/birdsofparadise\/wp-json\/wp\/v2\/users\/285"}],"replies":[{"embeddable":true,"href":"https:\/\/azqs.com\/birdsofparadise\/wp-json\/wp\/v2\/comments?post=55"}],"version-history":[{"count":10,"href":"https:\/\/azqs.com\/birdsofparadise\/wp-json\/wp\/v2\/pages\/55\/revisions"}],"predecessor-version":[{"id":151,"href":"https:\/\/azqs.com\/birdsofparadise\/wp-json\/wp\/v2\/pages\/55\/revisions\/151"}],"wp:attachment":[{"href":"https:\/\/azqs.com\/birdsofparadise\/wp-json\/wp\/v2\/media?parent=55"}],"curies":[{"name":"wp","href":"https:\/\/api.w.org\/{rel}","templated":true}]}}