{"id":622,"date":"2016-03-11T18:29:37","date_gmt":"2016-03-11T17:29:37","guid":{"rendered":"http:\/\/azqs.com\/adn\/?page_id=622"},"modified":"2016-03-11T18:57:40","modified_gmt":"2016-03-11T17:57:40","slug":"galerie-photo-reunion-generale-mediatheque-de-la-cus-mediatheque-malraux-strasbourg-10-mars-2016","status":"publish","type":"page","link":"https:\/\/azqs.com\/adn\/galerie-photo-reunion-generale-mediatheque-de-la-cus-mediatheque-malraux-strasbourg-10-mars-2016\/","title":{"rendered":"Galerie photo \u00ab\u00a0R\u00e9union g\u00e9n\u00e9rale m\u00e9diath\u00e8que de la CUS\u00a0\u00bb, M\u00e9diath\u00e8que Malraux Strasbourg, 10 Mars 2016"},"content":{"rendered":"\n\t\t<style type=\"text\/css\">\n\t\t\t#gallery-1 {\n\t\t\t\tmargin: auto;\n\t\t\t}\n\t\t\t#gallery-1 .gallery-item {\n\t\t\t\tfloat: left;\n\t\t\t\tmargin-top: 10px;\n\t\t\t\ttext-align: center;\n\t\t\t\twidth: 50%;\n\t\t\t}\n\t\t\t#gallery-1 img {\n\t\t\t\tborder: 2px solid #cfcfcf;\n\t\t\t}\n\t\t\t#gallery-1 .gallery-caption {\n\t\t\t\tmargin-left: 0;\n\t\t\t}\n\t\t\t\/* see gallery_shortcode() in wp-includes\/media.php *\/\n\t\t<\/style>\n\t\t<div id='gallery-1' class='gallery galleryid-622 gallery-columns-2 gallery-size-large'><dl class='gallery-item'>\n\t\t\t<dt class='gallery-icon portrait'>\n\t\t\t\t<a href='https:\/\/azqs.com\/adn\/files\/2016\/03\/SAM_1715.jpg'><img loading=\"lazy\" decoding=\"async\" width=\"625\" height=\"833\" src=\"https:\/\/azqs.com\/adn\/files\/2016\/03\/SAM_1715-768x1024.jpg\" class=\"attachment-large size-large\" alt=\"\" aria-describedby=\"gallery-1-623\" srcset=\"https:\/\/azqs.com\/adn\/files\/2016\/03\/SAM_1715-768x1024.jpg 768w, https:\/\/azqs.com\/adn\/files\/2016\/03\/SAM_1715-225x300.jpg 225w, https:\/\/azqs.com\/adn\/files\/2016\/03\/SAM_1715-624x832.jpg 624w\" sizes=\"(max-width: 625px) 100vw, 625px\" \/><\/a>\n\t\t\t<\/dt>\n\t\t\t\t<dd class='wp-caption-text gallery-caption' id='gallery-1-623'>\n\t\t\t\tVoyage en train ! \n\t\t\t\t<\/dd><\/dl><dl class='gallery-item'>\n\t\t\t<dt class='gallery-icon landscape'>\n\t\t\t\t<a href='https:\/\/azqs.com\/adn\/files\/2016\/03\/SAM_1719.jpg'><img loading=\"lazy\" decoding=\"async\" width=\"625\" height=\"469\" src=\"https:\/\/azqs.com\/adn\/files\/2016\/03\/SAM_1719-1024x768.jpg\" class=\"attachment-large size-large\" alt=\"\" aria-describedby=\"gallery-1-624\" srcset=\"https:\/\/azqs.com\/adn\/files\/2016\/03\/SAM_1719-1024x768.jpg 1024w, https:\/\/azqs.com\/adn\/files\/2016\/03\/SAM_1719-300x225.jpg 300w, https:\/\/azqs.com\/adn\/files\/2016\/03\/SAM_1719-768x576.jpg 768w, https:\/\/azqs.com\/adn\/files\/2016\/03\/SAM_1719-624x468.jpg 624w\" sizes=\"(max-width: 625px) 100vw, 625px\" \/><\/a>\n\t\t\t<\/dt>\n\t\t\t\t<dd class='wp-caption-text gallery-caption' id='gallery-1-624'>\n\t\t\t\tPerformance \u00e0 Malraux\n\t\t\t\t<\/dd><\/dl><br style=\"clear: both\" \/><dl class='gallery-item'>\n\t\t\t<dt class='gallery-icon landscape'>\n\t\t\t\t<a href='https:\/\/azqs.com\/adn\/files\/2016\/03\/SAM_1720.jpg'><img loading=\"lazy\" decoding=\"async\" width=\"625\" height=\"469\" src=\"https:\/\/azqs.com\/adn\/files\/2016\/03\/SAM_1720-1024x768.jpg\" class=\"attachment-large size-large\" alt=\"\" aria-describedby=\"gallery-1-625\" srcset=\"https:\/\/azqs.com\/adn\/files\/2016\/03\/SAM_1720-1024x768.jpg 1024w, https:\/\/azqs.com\/adn\/files\/2016\/03\/SAM_1720-300x225.jpg 300w, https:\/\/azqs.com\/adn\/files\/2016\/03\/SAM_1720-768x576.jpg 768w, https:\/\/azqs.com\/adn\/files\/2016\/03\/SAM_1720-624x468.jpg 624w\" sizes=\"(max-width: 625px) 100vw, 625px\" \/><\/a>\n\t\t\t<\/dt>\n\t\t\t\t<dd class='wp-caption-text gallery-caption' id='gallery-1-625'>\n\t\t\t\tPerformance \u00e0 Malraux\n\t\t\t\t<\/dd><\/dl><dl class='gallery-item'>\n\t\t\t<dt class='gallery-icon landscape'>\n\t\t\t\t<a href='https:\/\/azqs.com\/adn\/files\/2016\/03\/SAM_1721.jpg'><img loading=\"lazy\" decoding=\"async\" width=\"625\" height=\"469\" src=\"https:\/\/azqs.com\/adn\/files\/2016\/03\/SAM_1721-1024x768.jpg\" class=\"attachment-large size-large\" alt=\"\" aria-describedby=\"gallery-1-626\" srcset=\"https:\/\/azqs.com\/adn\/files\/2016\/03\/SAM_1721-1024x768.jpg 1024w, https:\/\/azqs.com\/adn\/files\/2016\/03\/SAM_1721-300x225.jpg 300w, https:\/\/azqs.com\/adn\/files\/2016\/03\/SAM_1721-768x576.jpg 768w, https:\/\/azqs.com\/adn\/files\/2016\/03\/SAM_1721-624x468.jpg 624w\" sizes=\"(max-width: 625px) 100vw, 625px\" \/><\/a>\n\t\t\t<\/dt>\n\t\t\t\t<dd class='wp-caption-text gallery-caption' id='gallery-1-626'>\n\t\t\t\tPerformance \u00e0 Malraux\n\t\t\t\t<\/dd><\/dl><br style=\"clear: both\" \/>\n\t\t<\/div>\n\n","protected":false},"excerpt":{"rendered":"","protected":false},"author":290,"featured_media":0,"parent":0,"menu_order":0,"comment_status":"closed","ping_status":"closed","template":"","meta":{"footnotes":""},"class_list":["post-622","page","type-page","status-publish","hentry"],"_links":{"self":[{"href":"https:\/\/azqs.com\/adn\/wp-json\/wp\/v2\/pages\/622"}],"collection":[{"href":"https:\/\/azqs.com\/adn\/wp-json\/wp\/v2\/pages"}],"about":[{"href":"https:\/\/azqs.com\/adn\/wp-json\/wp\/v2\/types\/page"}],"author":[{"embeddable":true,"href":"https:\/\/azqs.com\/adn\/wp-json\/wp\/v2\/users\/290"}],"replies":[{"embeddable":true,"href":"https:\/\/azqs.com\/adn\/wp-json\/wp\/v2\/comments?post=622"}],"version-history":[{"count":4,"href":"https:\/\/azqs.com\/adn\/wp-json\/wp\/v2\/pages\/622\/revisions"}],"predecessor-version":[{"id":643,"href":"https:\/\/azqs.com\/adn\/wp-json\/wp\/v2\/pages\/622\/revisions\/643"}],"wp:attachment":[{"href":"https:\/\/azqs.com\/adn\/wp-json\/wp\/v2\/media?parent=622"}],"curies":[{"name":"wp","href":"https:\/\/api.w.org\/{rel}","templated":true}]}}