{"id":78,"date":"2016-11-16T02:13:19","date_gmt":"2016-11-16T01:13:19","guid":{"rendered":"http:\/\/azqs.com\/adlibitum\/?page_id=78"},"modified":"2017-04-01T18:48:14","modified_gmt":"2017-04-01T16:48:14","slug":"cheffe-de-choeur","status":"publish","type":"page","link":"https:\/\/azqs.com\/adlibitum\/cheffe-de-choeur\/","title":{"rendered":"Cheffe de ch\u0153ur"},"content":{"rendered":"<p><a href=\"http:\/\/azqs.com\/adlibitum\/files\/2016\/12\/20161211-delphine2.jpg\"><img loading=\"lazy\" decoding=\"async\" class=\"alignleft wp-image-450\" src=\"http:\/\/azqs.com\/adlibitum\/files\/2016\/12\/20161211-delphine2-190x300.jpg\" alt=\"Photos Jo\u00ebl HENRY\" width=\"159\" height=\"243\" \/><\/a><\/p>\n<p style=\"text-align: justify\">Depuis septembre 2006, la direction du ch\u0153ur incombe \u00e0 <a href=\"https:\/\/www.facebook.com\/delphine.levarat\" target=\"_blank\">Delphine Le Varat<\/a>.<\/p>\n<p style=\"text-align: justify\">Apr\u00e8s une premi\u00e8re formation en danse classique, Delphine Le Varat effectue ses \u00e9tudes de piano, de musique de chambre et d&rsquo;accompagnement \u00e0 Paris et au Conservatoire National de R\u00e9gion de Boulogne ainsi que de musicologie \u00e0 la Sorbonne.<\/p>\n<p style=\"text-align: justify\">Son go\u00fbt pour la p\u00e9dagogie l\u2019am\u00e8ne tr\u00e8s t\u00f4t \u00e0 enseigner. Par ailleurs, elle accompagne des classes de chant, d\u2019instruments et des ch\u0153urs du Conservatoire National de R\u00e9gion de Versailles et des conservatoires de la ville de Paris, tout en se perfectionnant lors de master-class.<\/p>\n<p style=\"text-align: justify\">Elle se produit en concert au sein de diverses formations de musique de chambre, enregistre des \u0153uvres de jeunes compositeurs et des musiques de film. Elle a \u00e9galement cr\u00e9\u00e9 un conte musical pour enfants <em>La petite fille et l\u2019alto<\/em>.<\/p>\n<p style=\"text-align: justify\">Delphine Le Varat a aussi \u00e9tudi\u00e9 la direction de ch\u0153ur au Conservatoire National de R\u00e9gion de Strasbourg, et dirig\u00e9 le ch\u0153ur de la CCI.<\/p>\n","protected":false},"excerpt":{"rendered":"<p>Depuis septembre 2006, la direction du ch\u0153ur incombe \u00e0 Delphine Le Varat. Apr\u00e8s une premi\u00e8re formation en danse classique, Delphine Le Varat effectue ses \u00e9tudes de piano, de musique de chambre et d&rsquo;accompagnement \u00e0 Paris et au Conservatoire National de R\u00e9gion de Boulogne ainsi que de musicologie \u00e0 la Sorbonne. Son go\u00fbt pour la p\u00e9dagogie&hellip;<\/p>\n","protected":false},"author":309,"featured_media":0,"parent":0,"menu_order":0,"comment_status":"closed","ping_status":"closed","template":"","meta":{"footnotes":""},"class_list":["post-78","page","type-page","status-publish","hentry"],"_links":{"self":[{"href":"https:\/\/azqs.com\/adlibitum\/wp-json\/wp\/v2\/pages\/78"}],"collection":[{"href":"https:\/\/azqs.com\/adlibitum\/wp-json\/wp\/v2\/pages"}],"about":[{"href":"https:\/\/azqs.com\/adlibitum\/wp-json\/wp\/v2\/types\/page"}],"author":[{"embeddable":true,"href":"https:\/\/azqs.com\/adlibitum\/wp-json\/wp\/v2\/users\/309"}],"replies":[{"embeddable":true,"href":"https:\/\/azqs.com\/adlibitum\/wp-json\/wp\/v2\/comments?post=78"}],"version-history":[{"count":25,"href":"https:\/\/azqs.com\/adlibitum\/wp-json\/wp\/v2\/pages\/78\/revisions"}],"predecessor-version":[{"id":613,"href":"https:\/\/azqs.com\/adlibitum\/wp-json\/wp\/v2\/pages\/78\/revisions\/613"}],"wp:attachment":[{"href":"https:\/\/azqs.com\/adlibitum\/wp-json\/wp\/v2\/media?parent=78"}],"curies":[{"name":"wp","href":"https:\/\/api.w.org\/{rel}","templated":true}]}}

Cheffe de chœur

<p><a href="http://azqs.com/adlibitum/files/2016/12/20161211-delphine2.jpg"><img loading="lazy" decoding="async" class="alignleft wp-image-450" src="http://azqs.com/adlibitum/files/2016/12/20161211-delphine2-190x300.jpg" alt="Photos Joël HENRY" width="159" height="243" /></a></p>
<p style="text-align: justify">Depuis septembre 2006, la direction du chœur incombe à <a href="https://www.facebook.com/delphine.levarat" target="_blank">Delphine Le Varat</a>.</p>
<p style="text-align: justify">Après une première formation en danse classique, Delphine Le Varat effectue ses études de piano, de musique de chambre et d&rsquo;accompagnement à Paris et au Conservatoire National de Région de Boulogne ainsi que de musicologie à la Sorbonne.</p>
<p style="text-align: justify">Son goût pour la pédagogie l’amène très tôt à enseigner. Par ailleurs, elle accompagne des classes de chant, d’instruments et des chœurs du Conservatoire National de Région de Versailles et des conservatoires de la ville de Paris, tout en se perfectionnant lors de master-class.</p>
<p style="text-align: justify">Elle se produit en concert au sein de diverses formations de musique de chambre, enregistre des œuvres de jeunes compositeurs et des musiques de film. Elle a également créé un conte musical pour enfants <em>La petite fille et l’alto</em>.</p>
<p style="text-align: justify">Delphine Le Varat a aussi étudié la direction de chœur au Conservatoire National de Région de Strasbourg, et dirigé le chœur de la CCI.</p>

<p>Depuis septembre 2006, la direction du chœur incombe à Delphine Le Varat. Après une première formation en danse classique, Delphine Le Varat effectue ses études de piano, de musique de chambre et d&rsquo;accompagnement à Paris et au Conservatoire National de Région de Boulogne ainsi que de musicologie à la Sorbonne. Son goût pour la pédagogie&hellip;</p>
