{"id":71,"date":"2016-11-16T01:34:27","date_gmt":"2016-11-16T00:34:27","guid":{"rendered":"http:\/\/azqs.com\/adlibitum\/?page_id=71"},"modified":"2025-11-05T15:26:10","modified_gmt":"2025-11-05T14:26:10","slug":"presentation-du-choeur","status":"publish","type":"page","link":"https:\/\/azqs.com\/adlibitum\/","title":{"rendered":"Le ch\u0153ur Ad Libitum"},"content":{"rendered":"<p style=\"text-align: left\">Le ch\u0153ur Ad Libitum emprunte son nom au latin\u2026 \u00ab \u00e0 volont\u00e9 \u00bb<\/p>\n<p style=\"text-align: justify\">Cr\u00e9\u00e9 en 1994 \u00e0 Strasbourg, il se compose d\u2019une vingtaine de choristes amateurs et passionn\u00e9s de chant. Son r\u00e9pertoire diversifi\u00e9 et \u00e9clectique s\u2019\u00e9tend de la musique ancienne \u00e0 la musique sacr\u00e9e et profane, en passant par la musique sud-am\u00e9ricaine, scandinave, etc.<\/p>\n<div id=\"attachment_191\" style=\"width: 950px\" class=\"wp-caption aligncenter\"><a href=\"http:\/\/azqs.com\/adlibitum\/files\/2016\/11\/2016-choeur1.jpg\"><img loading=\"lazy\" decoding=\"async\" aria-describedby=\"caption-attachment-191\" class=\"wp-image-191 size-large\" src=\"http:\/\/azqs.com\/adlibitum\/files\/2016\/11\/2016-choeur1-1024x313.jpg\" alt=\"Choeur AdLibitum le 2 octobre 2016 \u00e0 Schiltigheim\" width=\"940\" height=\"287\" srcset=\"https:\/\/azqs.com\/adlibitum\/files\/2016\/11\/2016-choeur1-1024x313.jpg 1024w, https:\/\/azqs.com\/adlibitum\/files\/2016\/11\/2016-choeur1-300x92.jpg 300w, https:\/\/azqs.com\/adlibitum\/files\/2016\/11\/2016-choeur1-768x235.jpg 768w, https:\/\/azqs.com\/adlibitum\/files\/2016\/11\/2016-choeur1-600x184.jpg 600w, https:\/\/azqs.com\/adlibitum\/files\/2016\/11\/2016-choeur1-392x120.jpg 392w\" sizes=\"(max-width: 940px) 100vw, 940px\" \/><\/a><p id=\"caption-attachment-191\" class=\"wp-caption-text\">Choeur Ad Libitum le 2 octobre 2016 \u00e0 Schiltigheim<\/p><\/div>\n<p style=\"text-align: justify\">Plac\u00e9 sous la direction de Delphine Le Varat, le ch\u0153ur Ad Libitum, qui r\u00e9unit une petite vingtaine d\u2019amateurs \u00e9clair\u00e9s, est un ensemble discret mais essentiel de la sc\u00e8ne chorale strasbourgeoise. Il aborde avec un m\u00eame plaisir des r\u00e9pertoires tr\u00e8s vari\u00e9s, et propose chaque saison un programme original dans les \u00e9glises grandes et petites de Strasbourg, Schiltigheim, Illkirch, Rosheim, Kolbsheim&#8230;<a href=\"http:\/\/azqs.com\/adlibitum\/files\/2025\/11\/2025_Choeur-Ad-Libitum-recrute-affiche-bis-scaled.jpg\"><img loading=\"lazy\" decoding=\"async\" class=\"wp-image-922 alignright\" src=\"http:\/\/azqs.com\/adlibitum\/files\/2025\/11\/2025_Choeur-Ad-Libitum-recrute-affiche-bis-212x300.jpg\" alt=\"\" width=\"374\" height=\"530\" srcset=\"https:\/\/azqs.com\/adlibitum\/files\/2025\/11\/2025_Choeur-Ad-Libitum-recrute-affiche-bis-212x300.jpg 212w, https:\/\/azqs.com\/adlibitum\/files\/2025\/11\/2025_Choeur-Ad-Libitum-recrute-affiche-bis-724x1024.jpg 724w, https:\/\/azqs.com\/adlibitum\/files\/2025\/11\/2025_Choeur-Ad-Libitum-recrute-affiche-bis-768x1086.jpg 768w, https:\/\/azqs.com\/adlibitum\/files\/2025\/11\/2025_Choeur-Ad-Libitum-recrute-affiche-bis-1086x1536.jpg 1086w, https:\/\/azqs.com\/adlibitum\/files\/2025\/11\/2025_Choeur-Ad-Libitum-recrute-affiche-bis-1448x2048.jpg 1448w, https:\/\/azqs.com\/adlibitum\/files\/2025\/11\/2025_Choeur-Ad-Libitum-recrute-affiche-bis-scaled.jpg 1811w\" sizes=\"(max-width: 374px) 100vw, 374px\" \/><\/a><br \/>\nOn a pu l\u2019entendre en 2011 dans le cadre du festival \u00ab Strasbourg M\u00e9diterran\u00e9e \u00bb dans un programme pour voix et percussions, ainsi qu\u2019en 2014 lors de la manifestation \u00ab Strasbourg, capitale de No\u00ebl \u00bb au Temple-Neuf, autour de motets et cantates baroques, et en 2016 dans le m\u00eame cadre, pour un concert c\u00e9l\u00e9brant la nuit et les No\u00ebls du monde ou encore en 2023 \u00e0 l&rsquo;occasion de No\u00ebl pour Toos organis\u00e9 par Strasbourg Culture.<br \/>\nEn petite formation, Ad libitum s\u2019est par ailleurs produit plusieurs \u00e9t\u00e9s de suite dans l\u2019Aveyron, au bon gr\u00e9 de ses \u00e9glises romanes et de leur merveilleuse acoustique.<\/p>\n<p style=\"text-align: justify\">Suivez notre actualit\u00e9 sur notre <a href=\"https:\/\/www.facebook.com\/adlib67\/\" target=\"_blank\" rel=\"noopener\">page facebook<\/a> ou encore mieux : <a href=\"http:\/\/azqs.com\/adlibitum\/contact\/\"><strong>rejoignez le ch\u0153ur pour chanter avec nous !<\/strong><\/a><\/p>\n<p>&nbsp;<\/p>\n","protected":false},"excerpt":{"rendered":"<p>Le ch\u0153ur Ad Libitum emprunte son nom au latin\u2026 \u00ab \u00e0 volont\u00e9 \u00bb Cr\u00e9\u00e9 en 1994 \u00e0 Strasbourg, il se compose d\u2019une vingtaine de choristes amateurs et passionn\u00e9s de chant. Son r\u00e9pertoire diversifi\u00e9 et \u00e9clectique s\u2019\u00e9tend de la musique ancienne \u00e0 la musique sacr\u00e9e et profane, en passant par la musique sud-am\u00e9ricaine, scandinave, etc. Plac\u00e9&hellip;<\/p>\n","protected":false},"author":309,"featured_media":0,"parent":0,"menu_order":0,"comment_status":"closed","ping_status":"closed","template":"","meta":{"footnotes":""},"class_list":["post-71","page","type-page","status-publish","hentry"],"_links":{"self":[{"href":"https:\/\/azqs.com\/adlibitum\/wp-json\/wp\/v2\/pages\/71"}],"collection":[{"href":"https:\/\/azqs.com\/adlibitum\/wp-json\/wp\/v2\/pages"}],"about":[{"href":"https:\/\/azqs.com\/adlibitum\/wp-json\/wp\/v2\/types\/page"}],"author":[{"embeddable":true,"href":"https:\/\/azqs.com\/adlibitum\/wp-json\/wp\/v2\/users\/309"}],"replies":[{"embeddable":true,"href":"https:\/\/azqs.com\/adlibitum\/wp-json\/wp\/v2\/comments?post=71"}],"version-history":[{"count":6,"href":"https:\/\/azqs.com\/adlibitum\/wp-json\/wp\/v2\/pages\/71\/revisions"}],"predecessor-version":[{"id":926,"href":"https:\/\/azqs.com\/adlibitum\/wp-json\/wp\/v2\/pages\/71\/revisions\/926"}],"wp:attachment":[{"href":"https:\/\/azqs.com\/adlibitum\/wp-json\/wp\/v2\/media?parent=71"}],"curies":[{"name":"wp","href":"https:\/\/api.w.org\/{rel}","templated":true}]}}

Le chœur Ad Libitum

<p style="text-align: left">Le chœur Ad Libitum emprunte son nom au latin… « à volonté »</p>
<p style="text-align: justify">Créé en 1994 à Strasbourg, il se compose d’une vingtaine de choristes amateurs et passionnés de chant. Son répertoire diversifié et éclectique s’étend de la musique ancienne à la musique sacrée et profane, en passant par la musique sud-américaine, scandinave, etc.</p>
<div id="attachment_191" style="width: 950px" class="wp-caption aligncenter"><a href="http://azqs.com/adlibitum/files/2016/11/2016-choeur1.jpg"><img loading="lazy" decoding="async" aria-describedby="caption-attachment-191" class="wp-image-191 size-large" src="http://azqs.com/adlibitum/files/2016/11/2016-choeur1-1024x313.jpg" alt="Choeur AdLibitum le 2 octobre 2016 à Schiltigheim" width="940" height="287" srcset="https://azqs.com/adlibitum/files/2016/11/2016-choeur1-1024x313.jpg 1024w, https://azqs.com/adlibitum/files/2016/11/2016-choeur1-300x92.jpg 300w, https://azqs.com/adlibitum/files/2016/11/2016-choeur1-768x235.jpg 768w, https://azqs.com/adlibitum/files/2016/11/2016-choeur1-600x184.jpg 600w, https://azqs.com/adlibitum/files/2016/11/2016-choeur1-392x120.jpg 392w" sizes="(max-width: 940px) 100vw, 940px" /></a><p id="caption-attachment-191" class="wp-caption-text">Choeur Ad Libitum le 2 octobre 2016 à Schiltigheim</p></div>
<p style="text-align: justify">Placé sous la direction de Delphine Le Varat, le chœur Ad Libitum, qui réunit une petite vingtaine d’amateurs éclairés, est un ensemble discret mais essentiel de la scène chorale strasbourgeoise. Il aborde avec un même plaisir des répertoires très variés, et propose chaque saison un programme original dans les églises grandes et petites de Strasbourg, Schiltigheim, Illkirch, Rosheim, Kolbsheim&#8230;<a href="http://azqs.com/adlibitum/files/2025/11/2025_Choeur-Ad-Libitum-recrute-affiche-bis-scaled.jpg"><img loading="lazy" decoding="async" class="wp-image-922 alignright" src="http://azqs.com/adlibitum/files/2025/11/2025_Choeur-Ad-Libitum-recrute-affiche-bis-212x300.jpg" alt="" width="374" height="530" srcset="https://azqs.com/adlibitum/files/2025/11/2025_Choeur-Ad-Libitum-recrute-affiche-bis-212x300.jpg 212w, https://azqs.com/adlibitum/files/2025/11/2025_Choeur-Ad-Libitum-recrute-affiche-bis-724x1024.jpg 724w, https://azqs.com/adlibitum/files/2025/11/2025_Choeur-Ad-Libitum-recrute-affiche-bis-768x1086.jpg 768w, https://azqs.com/adlibitum/files/2025/11/2025_Choeur-Ad-Libitum-recrute-affiche-bis-1086x1536.jpg 1086w, https://azqs.com/adlibitum/files/2025/11/2025_Choeur-Ad-Libitum-recrute-affiche-bis-1448x2048.jpg 1448w, https://azqs.com/adlibitum/files/2025/11/2025_Choeur-Ad-Libitum-recrute-affiche-bis-scaled.jpg 1811w" sizes="(max-width: 374px) 100vw, 374px" /></a><br />
On a pu l’entendre en 2011 dans le cadre du festival « Strasbourg Méditerranée » dans un programme pour voix et percussions, ainsi qu’en 2014 lors de la manifestation « Strasbourg, capitale de Noël » au Temple-Neuf, autour de motets et cantates baroques, et en 2016 dans le même cadre, pour un concert célébrant la nuit et les Noëls du monde ou encore en 2023 à l&rsquo;occasion de Noël pour Toos organisé par Strasbourg Culture.<br />
En petite formation, Ad libitum s’est par ailleurs produit plusieurs étés de suite dans l’Aveyron, au bon gré de ses églises romanes et de leur merveilleuse acoustique.</p>
<p style="text-align: justify">Suivez notre actualité sur notre <a href="https://www.facebook.com/adlib67/" target="_blank" rel="noopener">page facebook</a> ou encore mieux : <a href="http://azqs.com/adlibitum/contact/"><strong>rejoignez le chœur pour chanter avec nous !</strong></a></p>
<p>&nbsp;</p>

<p>Le chœur Ad Libitum emprunte son nom au latin… « à volonté » Créé en 1994 à Strasbourg, il se compose d’une vingtaine de choristes amateurs et passionnés de chant. Son répertoire diversifié et éclectique s’étend de la musique ancienne à la musique sacrée et profane, en passant par la musique sud-américaine, scandinave, etc. Placé&hellip;</p>
