{"id":33,"date":"2013-06-13T16:06:27","date_gmt":"2013-06-13T14:06:27","guid":{"rendered":"http:\/\/azqs.com\/mediation-animale\/?page_id=33"},"modified":"2025-01-19T15:54:58","modified_gmt":"2025-01-19T13:54:58","slug":"presentation","status":"publish","type":"page","link":"https:\/\/azqs.com\/mediation-animale\/","title":{"rendered":"QUI SOMMES-NOUS ?"},"content":{"rendered":"<h3 style=\"text-align: center\">L&rsquo;association <span style=\"color: #ff6600\">M\u00e9diationAnimale.Net<\/span>\u00a0vous\u00a0propose une approche innovante \u00e0 la relation d&rsquo;aide.<\/h3>\n<h3 style=\"text-align: center\">Oreo et C\u00e9line interviennent chez vous : dans votre \u00e9tablissements ou \u00e0 votre domicile.<\/h3>\n<h3 style=\"text-align: center\">La m\u00e9diation animale vise \u00e0 stimuler les enfants, les personnes \u00e2g\u00e9es et\/ou handicap\u00e9es gr\u00e2ce \u00e0 des animaux sp\u00e9cialement \u00e9duqu\u00e9s.<\/h3>\n<p>&nbsp;<\/p>\n<p><a href=\"http:\/\/azqs.com\/mediation-animale\/files\/2023\/03\/cropped-Logo-MA-1.jpg\"><img loading=\"lazy\" decoding=\"async\" class=\"aligncenter wp-image-467\" src=\"http:\/\/azqs.com\/mediation-animale\/files\/2023\/03\/cropped-Logo-MA-1-806x1024.jpg\" alt=\"\" width=\"130\" height=\"165\" srcset=\"https:\/\/azqs.com\/mediation-animale\/files\/2023\/03\/cropped-Logo-MA-1-806x1024.jpg 806w, https:\/\/azqs.com\/mediation-animale\/files\/2023\/03\/cropped-Logo-MA-1-236x300.jpg 236w, https:\/\/azqs.com\/mediation-animale\/files\/2023\/03\/cropped-Logo-MA-1-768x976.jpg 768w, https:\/\/azqs.com\/mediation-animale\/files\/2023\/03\/cropped-Logo-MA-1-1209x1536.jpg 1209w, https:\/\/azqs.com\/mediation-animale\/files\/2023\/03\/cropped-Logo-MA-1-755x960.jpg 755w, https:\/\/azqs.com\/mediation-animale\/files\/2023\/03\/cropped-Logo-MA-1.jpg 1440w\" sizes=\"(max-width: 130px) 100vw, 130px\" \/><\/a><\/p>\n<p style=\"text-align: center\"><strong>Ces stimulations permettent de maintenir ou d&rsquo;am\u00e9liorer un \u00e9tat de bien-\u00eatre physique, mental et social.<\/strong><\/p>\n<p><iframe loading=\"lazy\" title=\"M\u00e9diationAnimale.net - Des gestes simples qui ont du sens\" width=\"1000\" height=\"563\" src=\"https:\/\/www.youtube.com\/embed\/-CYhK3sMf94?feature=oembed\" frameborder=\"0\" allow=\"accelerometer; autoplay; clipboard-write; encrypted-media; gyroscope; picture-in-picture; web-share\" referrerpolicy=\"strict-origin-when-cross-origin\" allowfullscreen><\/iframe><\/p>\n<h3 style=\"text-align: center\"><\/h3>\n<h3 style=\"text-align: center\"><span style=\"color: #ff6600\">Chaque personne est unique<\/span> :<\/h3>\n<h3 style=\"text-align: center\">Gr\u00e2ce \u00e0 la personne elle-m\u00eame et \u00e0 l&rsquo;\u00e9quipe pluridisciplinaire de l&rsquo;\u00e9tablissement,<\/h3>\n<h3 style=\"text-align: center\"><span style=\"color: #ff6600\">chaque projet est individualis\u00e9<\/span>.<\/h3>\n<p style=\"text-align: center\"><a href=\"http:\/\/azqs.com\/mediation-animale\/files\/2013\/06\/06-07-1\u00e8re-047.jpg\"><img loading=\"lazy\" decoding=\"async\" class=\"aligncenter wp-image-135\" src=\"http:\/\/azqs.com\/mediation-animale\/files\/2013\/06\/06-07-1\u00e8re-047-768x1024.jpg\" alt=\"\" width=\"272\" height=\"363\" srcset=\"https:\/\/azqs.com\/mediation-animale\/files\/2013\/06\/06-07-1\u00e8re-047-768x1024.jpg 768w, https:\/\/azqs.com\/mediation-animale\/files\/2013\/06\/06-07-1\u00e8re-047-225x300.jpg 225w, https:\/\/azqs.com\/mediation-animale\/files\/2013\/06\/06-07-1\u00e8re-047-150x200.jpg 150w, https:\/\/azqs.com\/mediation-animale\/files\/2013\/06\/06-07-1\u00e8re-047-400x533.jpg 400w, https:\/\/azqs.com\/mediation-animale\/files\/2013\/06\/06-07-1\u00e8re-047-800x1066.jpg 800w, https:\/\/azqs.com\/mediation-animale\/files\/2013\/06\/06-07-1\u00e8re-047.jpg 1944w\" sizes=\"(max-width: 272px) 100vw, 272px\" \/><\/a><em>Oreo, Golden Retriever, 5 ans<\/em><\/p>\n<p style=\"text-align: center\"><span style=\"font-size: 24pt;color: #ff6600\"><a style=\"color: #ff6600\" href=\"http:\/\/azqs.com\/mediation-animale\/files\/2023\/05\/Plaquette-1.pdf\" target=\"_blank\" rel=\"noopener\">T\u00e9l\u00e9charger notre plaquette pour en savoir plus !<\/a><\/span><\/p>\n","protected":false},"excerpt":{"rendered":"<p>L&rsquo;association M\u00e9diationAnimale.Net\u00a0vous\u00a0propose une approche innovante \u00e0 la relation d&rsquo;aide. Oreo et C\u00e9line interviennent chez vous : dans votre \u00e9tablissements ou \u00e0 votre domicile. La m\u00e9diation animale vise \u00e0 stimuler les enfants, les personnes \u00e2g\u00e9es et\/ou handicap\u00e9es gr\u00e2ce \u00e0 des animaux sp\u00e9cialement \u00e9duqu\u00e9s. &nbsp; Ces stimulations permettent de maintenir ou d&rsquo;am\u00e9liorer un \u00e9tat de bien-\u00eatre physique, [&hellip;]<\/p>\n","protected":false},"author":284,"featured_media":0,"parent":0,"menu_order":0,"comment_status":"open","ping_status":"closed","template":"","meta":{"footnotes":""},"class_list":["post-33","page","type-page","status-publish","hentry"],"_links":{"self":[{"href":"https:\/\/azqs.com\/mediation-animale\/wp-json\/wp\/v2\/pages\/33"}],"collection":[{"href":"https:\/\/azqs.com\/mediation-animale\/wp-json\/wp\/v2\/pages"}],"about":[{"href":"https:\/\/azqs.com\/mediation-animale\/wp-json\/wp\/v2\/types\/page"}],"author":[{"embeddable":true,"href":"https:\/\/azqs.com\/mediation-animale\/wp-json\/wp\/v2\/users\/284"}],"replies":[{"embeddable":true,"href":"https:\/\/azqs.com\/mediation-animale\/wp-json\/wp\/v2\/comments?post=33"}],"version-history":[{"count":4,"href":"https:\/\/azqs.com\/mediation-animale\/wp-json\/wp\/v2\/pages\/33\/revisions"}],"predecessor-version":[{"id":512,"href":"https:\/\/azqs.com\/mediation-animale\/wp-json\/wp\/v2\/pages\/33\/revisions\/512"}],"wp:attachment":[{"href":"https:\/\/azqs.com\/mediation-animale\/wp-json\/wp\/v2\/media?parent=33"}],"curies":[{"name":"wp","href":"https:\/\/api.w.org\/{rel}","templated":true}]}}