{"id":349,"date":"2017-01-17T19:43:45","date_gmt":"2017-01-17T18:43:45","guid":{"rendered":"http:\/\/azqs.com\/lavictoirepourtous\/?page_id=349"},"modified":"2017-01-23T18:53:45","modified_gmt":"2017-01-23T17:53:45","slug":"renovation-des-bains-municipaux","status":"publish","type":"page","link":"https:\/\/azqs.com\/lavictoirepourtous\/","title":{"rendered":"La r\u00e9novation des Bains municipaux :"},"content":{"rendered":"<h1><span style=\"color: #bd0d0d\"><strong><em><span style=\"color: #bd0d0d\">2017 est arriv\u00e9e&#8230;<\/span>\u00a0Et les Bains ?<\/em><\/strong><\/span><\/h1>\n<h2><span style=\"color: #bd0d0d\"><strong><em>Suite \u00e0 l&rsquo;\u00e9volution r\u00e9cente du dossier &lsquo;Bains Municipaux&rsquo;, voici le communiqu\u00e9 du collectif, du 17 janvier :\u00a0<\/em><\/strong><\/span><\/h2>\n<p><img loading=\"lazy\" decoding=\"async\" class=\"size-full wp-image-1437 aligncenter\" src=\"http:\/\/azqs.com\/lavictoirepourtous\/files\/2017\/01\/LVPT_communiqu\u00e9_janvier-2017.jpg\" alt=\"LVPT_communiqu\u00e9_janvier 2017\" width=\"794\" height=\"1123\" srcset=\"https:\/\/azqs.com\/lavictoirepourtous\/files\/2017\/01\/LVPT_communiqu\u00e9_janvier-2017.jpg 794w, https:\/\/azqs.com\/lavictoirepourtous\/files\/2017\/01\/LVPT_communiqu\u00e9_janvier-2017-212x300.jpg 212w, https:\/\/azqs.com\/lavictoirepourtous\/files\/2017\/01\/LVPT_communiqu\u00e9_janvier-2017-768x1086.jpg 768w, https:\/\/azqs.com\/lavictoirepourtous\/files\/2017\/01\/LVPT_communiqu\u00e9_janvier-2017-724x1024.jpg 724w, https:\/\/azqs.com\/lavictoirepourtous\/files\/2017\/01\/LVPT_communiqu\u00e9_janvier-2017-619x875.jpg 619w\" sizes=\"(max-width: 794px) 100vw, 794px\" \/><\/p>\n<p><em><strong>Communiqu\u00e9 du collectif, 17\/01\/2017\u00a0:<\/strong><\/em>\u00a0<strong><span style=\"color: #0000ff\"><a style=\"color: #0000ff\" href=\"http:\/\/azqs.com\/lavictoirepourtous\/2017\/01\/17\/communique-du-collectif-la-victoire-renovee-oui-mais-pour-tous-17012017\/\">La Victoire r\u00e9nov\u00e9e, oui, mais pour tous !<\/a><\/span><\/strong><\/p>\n<h2><span style=\"color: #bd0d0d\"><strong><em>Et, pour comprendre, voici les derniers articles parus dans la presse :\u00a0<\/em><\/strong><\/span><\/h2>\n<ul>\n<li><strong><span style=\"color: #000000\"><em>Dans les DNA, le 01 janvier :<\/em>\u00a0<span style=\"color: #0000ff\"><a style=\"color: #0000ff\" href=\"http:\/\/azqs.com\/lavictoirepourtous\/2017\/01\/01\/dna-sport-sante-victoire-01012017\/\">Sport, sant\u00e9, Victoire ! <\/a><\/span><\/span><\/strong><\/li>\n<\/ul>\n<ul>\n<li><strong><strong><strong><em><span style=\"color: #000000\">Sur\u00a0FR3 Alsace, le 1er janvier\u00a0:<\/span><\/em><span style=\"color: #0000ff\">\u00a0Les Bains municipaux gratuits le 1er janvier<\/span><\/strong><\/strong><\/strong><\/li>\n<\/ul>\n<ul>\n<li><strong><span style=\"color: #000000\"><em>Dans les DNA, le 15\/12\/2016 :<\/em>\u00a0<span style=\"color: #0000ff\"><a style=\"color: #0000ff\" href=\"http:\/\/azqs.com\/lavictoirepourtous\/2016\/12\/15\/rue89-olivier-bitz-charge-de-maintenir-la-paix-avec-les-strasbourgeois-15122016\/\">Olivier Bits charg\u00e9 de maintenir la paix avec les Strasbourgeois<\/a><\/span><\/span><\/strong><\/li>\n<li><em><strong>Et, pour plus d&rsquo;informations, suivez notre rubrique \u00ab\u00a0Actualit\u00e9\u00a0\u00bb&#8230;\u00a0<\/strong><\/em><\/li>\n<\/ul>\n<h1><\/h1>\n","protected":false},"excerpt":{"rendered":"<p>2017 est arriv\u00e9e&#8230;\u00a0Et les Bains ? Suite \u00e0 l&rsquo;\u00e9volution r\u00e9cente du dossier &lsquo;Bains Municipaux&rsquo;, voici le communiqu\u00e9 du collectif, du 17 janvier :\u00a0 Communiqu\u00e9 du collectif, 17\/01\/2017\u00a0:\u00a0La Victoire r\u00e9nov\u00e9e, oui, mais pour tous ! Et, pour comprendre, voici les derniers articles parus dans la presse :\u00a0 Dans les DNA, le 01 janvier :\u00a0Sport, sant\u00e9, Victoire [&hellip;]<\/p>\n","protected":false},"author":293,"featured_media":0,"parent":120,"menu_order":0,"comment_status":"closed","ping_status":"closed","template":"","meta":{"footnotes":""},"class_list":["post-349","page","type-page","status-publish","hentry"],"_links":{"self":[{"href":"https:\/\/azqs.com\/lavictoirepourtous\/wp-json\/wp\/v2\/pages\/349"}],"collection":[{"href":"https:\/\/azqs.com\/lavictoirepourtous\/wp-json\/wp\/v2\/pages"}],"about":[{"href":"https:\/\/azqs.com\/lavictoirepourtous\/wp-json\/wp\/v2\/types\/page"}],"author":[{"embeddable":true,"href":"https:\/\/azqs.com\/lavictoirepourtous\/wp-json\/wp\/v2\/users\/293"}],"replies":[{"embeddable":true,"href":"https:\/\/azqs.com\/lavictoirepourtous\/wp-json\/wp\/v2\/comments?post=349"}],"version-history":[{"count":142,"href":"https:\/\/azqs.com\/lavictoirepourtous\/wp-json\/wp\/v2\/pages\/349\/revisions"}],"predecessor-version":[{"id":1473,"href":"https:\/\/azqs.com\/lavictoirepourtous\/wp-json\/wp\/v2\/pages\/349\/revisions\/1473"}],"up":[{"embeddable":true,"href":"https:\/\/azqs.com\/lavictoirepourtous\/wp-json\/wp\/v2\/pages\/120"}],"wp:attachment":[{"href":"https:\/\/azqs.com\/lavictoirepourtous\/wp-json\/wp\/v2\/media?parent=349"}],"curies":[{"name":"wp","href":"https:\/\/api.w.org\/{rel}","templated":true}]}}

La rénovation des Bains municipaux :

<h1><span style="color: #bd0d0d"><strong><em><span style="color: #bd0d0d">2017 est arrivée&#8230;</span> Et les Bains ?</em></strong></span></h1>
<h2><span style="color: #bd0d0d"><strong><em>Suite à l&rsquo;évolution récente du dossier &lsquo;Bains Municipaux&rsquo;, voici le communiqué du collectif, du 17 janvier : </em></strong></span></h2>
<p><img loading="lazy" decoding="async" class="size-full wp-image-1437 aligncenter" src="http://azqs.com/lavictoirepourtous/files/2017/01/LVPT_communiqué_janvier-2017.jpg" alt="LVPT_communiqué_janvier 2017" width="794" height="1123" srcset="https://azqs.com/lavictoirepourtous/files/2017/01/LVPT_communiqué_janvier-2017.jpg 794w, https://azqs.com/lavictoirepourtous/files/2017/01/LVPT_communiqué_janvier-2017-212x300.jpg 212w, https://azqs.com/lavictoirepourtous/files/2017/01/LVPT_communiqué_janvier-2017-768x1086.jpg 768w, https://azqs.com/lavictoirepourtous/files/2017/01/LVPT_communiqué_janvier-2017-724x1024.jpg 724w, https://azqs.com/lavictoirepourtous/files/2017/01/LVPT_communiqué_janvier-2017-619x875.jpg 619w" sizes="(max-width: 794px) 100vw, 794px" /></p>
<p><em><strong>Communiqué du collectif, 17/01/2017 :</strong></em> <strong><span style="color: #0000ff"><a style="color: #0000ff" href="http://azqs.com/lavictoirepourtous/2017/01/17/communique-du-collectif-la-victoire-renovee-oui-mais-pour-tous-17012017/">La Victoire rénovée, oui, mais pour tous !</a></span></strong></p>
<h2><span style="color: #bd0d0d"><strong><em>Et, pour comprendre, voici les derniers articles parus dans la presse : </em></strong></span></h2>
<ul>
<li><strong><span style="color: #000000"><em>Dans les DNA, le 01 janvier :</em> <span style="color: #0000ff"><a style="color: #0000ff" href="http://azqs.com/lavictoirepourtous/2017/01/01/dna-sport-sante-victoire-01012017/">Sport, santé, Victoire ! </a></span></span></strong></li>
</ul>
<ul>
<li><strong><strong><strong><em><span style="color: #000000">Sur FR3 Alsace, le 1er janvier :</span></em><span style="color: #0000ff"> Les Bains municipaux gratuits le 1er janvier</span></strong></strong></strong></li>
</ul>
<ul>
<li><strong><span style="color: #000000"><em>Dans les DNA, le 15/12/2016 :</em> <span style="color: #0000ff"><a style="color: #0000ff" href="http://azqs.com/lavictoirepourtous/2016/12/15/rue89-olivier-bitz-charge-de-maintenir-la-paix-avec-les-strasbourgeois-15122016/">Olivier Bits chargé de maintenir la paix avec les Strasbourgeois</a></span></span></strong></li>
<li><em><strong>Et, pour plus d&rsquo;informations, suivez notre rubrique « Actualité »&#8230; </strong></em></li>
</ul>
<h1></h1>

<p>2017 est arrivée&#8230; Et les Bains ? Suite à l&rsquo;évolution récente du dossier &lsquo;Bains Municipaux&rsquo;, voici le communiqué du collectif, du 17 janvier :  Communiqué du collectif, 17/01/2017 : La Victoire rénovée, oui, mais pour tous ! Et, pour comprendre, voici les derniers articles parus dans la presse :  Dans les DNA, le 01 janvier : Sport, santé, Victoire [&hellip;]</p>
